{"id":18,"date":"2011-08-22T21:20:46","date_gmt":"2011-08-22T21:20:46","guid":{"rendered":"http:\/\/segelclub-neubaeu.de\/?page_id=18"},"modified":"2017-06-28T14:40:29","modified_gmt":"2017-06-28T12:40:29","slug":"uber-uns","status":"publish","type":"page","link":"https:\/\/www.segelclub-neubaeu.de\/?page_id=18","title":{"rendered":"\u00dcber uns"},"content":{"rendered":"<p><strong>Kurzvorstellung Verein<\/strong><\/p>\n<p>Der Verein wurde 1967 von sieben\u00a0begeisterten Seglern gegr\u00fcndet. Die Mitglieder betreiben den Segelsport national und international bei Regatten und Hochseet\u00f6rns. In unseren Reihen finden sich ein Weltumsegler und nationale Meister. Jugendarbeit bildet einen Schwerpunkt in unserem Verein, dies belegt schon die hohe Zahl von Jugendlichen. FD, Laser, Korsare und Conger sind die gr\u00f6\u00dferen vorhandenen Flotten. Zur Zeit haben wir eine \u00e4u\u00dferst starke FD-Flotte mit \u00fcber 9 Schiffen.<\/p>\n<p><strong>Die Lage, das Revier<\/strong><\/p>\n<p>Der Neub\u00e4uer See liegt an der Bundesstra\u00dfe 85 in der N\u00e4he der Stadt Roding im vorderen Bayerischen Wald mit einer Fl\u00e4che von 72 ha.<\/p>\n<p>Der Verein hat ein neu renoviertes Clubhaus, sanit\u00e4re Anlagen, mehrere Slipanlagen und sieben Stege in sch\u00f6nster landschaftlicher Lage.<\/p>\n<p><strong>Angebot<\/strong><\/p>\n<p>Wir bieten regelm\u00e4\u00dfiges Regattatraining der Optis und Laser f\u00fcr den Nachwuchs an. Auch das gesellschaftliche Leben kommt in unserem Verein auf keinen Fall zu kurz: hier sitzen eben noch drei Generationen an einem Tisch.<\/p>\n<p><strong>Liegepl\u00e4tze<\/strong><\/p>\n<p>An Stegen und an Land sind ca. 60 Pl\u00e4tze vorhanden. G\u00e4ste sind sehr herzlich Willkommen.<\/p>\n<p><strong>Anzahl Mitglieder<\/strong><\/p>\n<p>83 Mitglieder, davon 25 Jugendliche<\/p>\n<p><strong>Ansprechpartner des Vereins<\/strong><\/p>\n<p>Gerald Sch\u00e4ffer<br \/>\nAm Steinriegel 13<br \/>\n93426 Wetterfeld<br \/>\nTel.: 09461 &#8211; 40 14 61<\/p>\n","protected":false},"excerpt":{"rendered":"<p>Kurzvorstellung Verein Der Verein wurde 1967 von sieben\u00a0begeisterten Seglern gegr\u00fcndet. Die Mitglieder betreiben den Segelsport national und international bei Regatten und Hochseet\u00f6rns. In unseren Reihen finden sich ein Weltumsegler und nationale Meister. Jugendarbeit bildet einen Schwerpunkt in unserem Verein, dies belegt schon die hohe Zahl von Jugendlichen. FD, Laser, Korsare und Conger sind die gr\u00f6\u00dferen &hellip; <\/p>\n<p class=\"link-more\"><a href=\"https:\/\/www.segelclub-neubaeu.de\/?page_id=18\" class=\"more-link\">Mehr <span class=\"screen-reader-text\">\u00fcber &#8222;\u00dcber uns&#8220; <\/span>Lesen<\/a><\/p>\n","protected":false},"author":1,"featured_media":0,"parent":0,"menu_order":0,"comment_status":"closed","ping_status":"closed","template":"","meta":{"jetpack_post_was_ever_published":false,"footnotes":""},"class_list":["post-18","page","type-page","status-publish","hentry"],"jetpack_shortlink":"https:\/\/wp.me\/P1OL3r-i","jetpack_sharing_enabled":true,"featured_media_urls":[],"_links":{"self":[{"href":"https:\/\/www.segelclub-neubaeu.de\/index.php?rest_route=\/wp\/v2\/pages\/18","targetHints":{"allow":["GET"]}}],"collection":[{"href":"https:\/\/www.segelclub-neubaeu.de\/index.php?rest_route=\/wp\/v2\/pages"}],"about":[{"href":"https:\/\/www.segelclub-neubaeu.de\/index.php?rest_route=\/wp\/v2\/types\/page"}],"author":[{"embeddable":true,"href":"https:\/\/www.segelclub-neubaeu.de\/index.php?rest_route=\/wp\/v2\/users\/1"}],"replies":[{"embeddable":true,"href":"https:\/\/www.segelclub-neubaeu.de\/index.php?rest_route=%2Fwp%2Fv2%2Fcomments&post=18"}],"version-history":[{"count":7,"href":"https:\/\/www.segelclub-neubaeu.de\/index.php?rest_route=\/wp\/v2\/pages\/18\/revisions"}],"predecessor-version":[{"id":1152,"href":"https:\/\/www.segelclub-neubaeu.de\/index.php?rest_route=\/wp\/v2\/pages\/18\/revisions\/1152"}],"wp:attachment":[{"href":"https:\/\/www.segelclub-neubaeu.de\/index.php?rest_route=%2Fwp%2Fv2%2Fmedia&parent=18"}],"curies":[{"name":"wp","href":"https:\/\/api.w.org\/{rel}","templated":true}]}}