{"id":45,"date":"2011-08-22T21:58:27","date_gmt":"2011-08-22T21:58:27","guid":{"rendered":"http:\/\/segelclub-neubaeu.de\/?page_id=45"},"modified":"2011-08-22T21:58:27","modified_gmt":"2011-08-22T21:58:27","slug":"infos-zu-unseren-bootsklassen","status":"publish","type":"page","link":"http:\/\/www.segelclub-neubaeu.de\/?page_id=45","title":{"rendered":"Infos zu unseren Bootsklassen"},"content":{"rendered":"<h1 id=\"firstHeading\">Bootsklasse<\/h1>\n<div id=\"bodyContent\">\n<p>Eine\u00a0<strong>Bootsklasse<\/strong> bezeichnet\u00a0<a title=\"Boot\" href=\"http:\/\/de.wikipedia.org\/wiki\/Boot\">Boote<\/a> mit einer einheitlichen Bauvorschrift, welche die Boote bei\u00a0<a title=\"Regatta\" href=\"http:\/\/de.wikipedia.org\/wiki\/Regatta\">Regatten<\/a> direkt vergleichbar macht.<\/p>\n<h2>Arten von Bootsklassen<\/h2>\n<p>Die Einteilung von Booten in\u00a0<strong>Klassen<\/strong> erfolgt, um eine gewisse Vergleichbarkeit bei Regatten zu erm\u00f6glichen. Dazu gibt es mehrere Ans\u00e4tze:<\/p>\n<ul>\n<li><strong><a title=\"Einheitsklasse\" href=\"http:\/\/de.wikipedia.org\/wiki\/Einheitsklasse\">Einheitsklassen<\/a><\/strong>: Alle Boote einer Einheitsklasse sind als gleich anzusehen. Geringf\u00fcgige Abweichungen, zum Beispiel durch die Wahl bestimmter Segel, die Anordnung von Decksbeschl\u00e4gen oder unterschiedlich schwere Innenausbauten sind prinzipiell denkbar, m\u00fcssen aber durch die Klassenvorschriften explizit erlaubt werden. Durch diese strengen Regulierungen k\u00f6nnen die Kosten niedrig gehalten werden, indem z.\u00a0B. teure Baumaterialien verboten werden. \u00c4ltere Boote sind h\u00e4ufig noch konkurrenzf\u00e4hig, da sich die Konstruktion nicht weiterentwickelt.<\/li>\n<li><strong><a title=\"Konstruktionsklasse\" href=\"http:\/\/de.wikipedia.org\/wiki\/Konstruktionsklasse\">Konstruktionsklassen<\/a><\/strong>: Alle Boote werden nach bestimmten Bauvorschriften gebaut, k\u00f6nnen aber teilweise deutlich voneinander abweichen. H\u00e4ufig werden f\u00fcr Konstruktionsklassen\u00a0<em>Formeln<\/em> vorgegeben, in die bestimmte Daten des Bootes wie L\u00e4nge, Breite, Tiefgang, Verdr\u00e4ngung oder Segelfl\u00e4che eingehen. Das Ergebnis der Formel muss dann in einem bestimmten Bereich liegen. Konstruktionsklassen entwickeln sich laufend weiter. Dadurch bieten sie immer aktuelle Konstruktionen, aber um den Preis, sich dem Fortschritt stets anpassen zu m\u00fcssen. \u00c4ltere Boote sind meist nicht mehr konkurrenzf\u00e4hig.<\/li>\n<li><strong>Box Rule<\/strong>: Eine Unterart der Konstruktionsklasse &#8211; hier werden nur sehr grobe Abmessungen, z.\u00a0B. eine maximale L\u00e4nge oder eine maximale Segelfl\u00e4che vorgeschrieben. Die Beschr\u00e4nkungen sind also noch lockerer als bei der formelbestimmten Konstruktionsklasse, Designern wird noch mehr Spielraum gelassen.<\/li>\n<\/ul>\n<p>Sowohl Konstruktionsklassen als auch Box Rules bringen also innerhalb der gleichen Klasse teilweise sehr unterschiedliche Boote hervor. Diese k\u00f6nnen sich in ihren Segeleigenschaften deutlich unterscheiden. Auch kann ein Boot z.\u00a0B. bei viel Wind und Welle sehr schnell sein, aber bei Leichtwind hoffnungslos unterlegen. Je mehr Freiheiten also eine Klassenvorschrift l\u00e4sst, umso gr\u00f6\u00dfer wird die Bedeutung des Bootsdesigns und der Eignung eines Schiffes f\u00fcr die vorherrschenden Wetterbedingungen.<\/p>\n<p>Als Alternative f\u00fcr Boote, die nicht in eine Klasse passen, gibt es Handicapsysteme. Diese versuchen, das Geschwindigkeitspotential eines Bootes zu berechnen und daraus einen \u201eRennwert\u201c zu errechnen. Die gesegelte Zeit jedes Bootes wird dann mit dem Rennwert zur \u201eberechneten Zeit\u201c umgerechnet; diese bestsimmt schlie\u00dflich den Sieger der Regatta.<\/p>\n<p>\u00c4hnlich funktioniert das\u00a0<a title=\"Yardstick\" href=\"http:\/\/de.wikipedia.org\/wiki\/Yardstick\">Yardsticksystem<\/a>; hier werden f\u00fcr bekannte Bootsklassen Rennwerte vergeben, die allerdings nicht auf genauen Geschwindigkeitsberechnungen beruhen, sondern aufgrund von Gef\u00fchl und Erfahrungen vergeben werden.<\/p>\n<\/div>\n<p>&nbsp;<\/p>\n","protected":false},"excerpt":{"rendered":"<p>Bootsklasse Eine\u00a0Bootsklasse bezeichnet\u00a0Boote mit einer einheitlichen Bauvorschrift, welche die Boote bei\u00a0Regatten direkt vergleichbar macht. Arten von Bootsklassen Die Einteilung von Booten in\u00a0Klassen erfolgt, um eine gewisse Vergleichbarkeit bei Regatten zu erm\u00f6glichen. Dazu gibt es mehrere Ans\u00e4tze: Einheitsklassen: Alle Boote einer Einheitsklasse sind als gleich anzusehen. Geringf\u00fcgige Abweichungen, zum Beispiel durch die Wahl bestimmter Segel, die &hellip; <\/p>\n<p class=\"link-more\"><a href=\"http:\/\/www.segelclub-neubaeu.de\/?page_id=45\" class=\"more-link\">Mehr <span class=\"screen-reader-text\">\u00fcber &#8222;Infos zu unseren Bootsklassen&#8220; <\/span>Lesen<\/a><\/p>\n","protected":false},"author":1,"featured_media":0,"parent":0,"menu_order":0,"comment_status":"open","ping_status":"open","template":"","meta":{"jetpack_post_was_ever_published":false,"footnotes":""},"class_list":["post-45","page","type-page","status-publish","hentry"],"jetpack_shortlink":"https:\/\/wp.me\/P1OL3r-J","jetpack_sharing_enabled":true,"featured_media_urls":[],"_links":{"self":[{"href":"http:\/\/www.segelclub-neubaeu.de\/index.php?rest_route=\/wp\/v2\/pages\/45","targetHints":{"allow":["GET"]}}],"collection":[{"href":"http:\/\/www.segelclub-neubaeu.de\/index.php?rest_route=\/wp\/v2\/pages"}],"about":[{"href":"http:\/\/www.segelclub-neubaeu.de\/index.php?rest_route=\/wp\/v2\/types\/page"}],"author":[{"embeddable":true,"href":"http:\/\/www.segelclub-neubaeu.de\/index.php?rest_route=\/wp\/v2\/users\/1"}],"replies":[{"embeddable":true,"href":"http:\/\/www.segelclub-neubaeu.de\/index.php?rest_route=%2Fwp%2Fv2%2Fcomments&post=45"}],"version-history":[{"count":2,"href":"http:\/\/www.segelclub-neubaeu.de\/index.php?rest_route=\/wp\/v2\/pages\/45\/revisions"}],"predecessor-version":[{"id":47,"href":"http:\/\/www.segelclub-neubaeu.de\/index.php?rest_route=\/wp\/v2\/pages\/45\/revisions\/47"}],"wp:attachment":[{"href":"http:\/\/www.segelclub-neubaeu.de\/index.php?rest_route=%2Fwp%2Fv2%2Fmedia&parent=45"}],"curies":[{"name":"wp","href":"https:\/\/api.w.org\/{rel}","templated":true}]}}